{"id":29,"date":"2018-09-28T15:01:35","date_gmt":"2018-09-28T13:01:35","guid":{"rendered":"http:\/\/winerun.sk\/chateaurun\/?page_id=29"},"modified":"2019-09-01T16:00:16","modified_gmt":"2019-09-01T14:00:16","slug":"mapa-behu","status":"publish","type":"page","link":"http:\/\/winerun.sk\/chateaurun\/mapa-behu\/","title":{"rendered":"Mapa Behu"},"content":{"rendered":"<p>Popis trate:<\/p>\n<p><strong>8 km beh<\/strong> z\u00e1mock\u00fdm parkom a lesoparkom v Topo\u013e\u010diankach, asfaltov\u00e9 a lesn\u00e9 cesty.<\/p>\n<p><a href=\"http:\/\/winerun.sk\/chateaurun\/wp-content\/uploads\/2018\/11\/8K_M.jpg\"><img loading=\"lazy\" decoding=\"async\" class=\"alignnone size-large wp-image-1395\" src=\"http:\/\/winerun.sk\/chateaurun\/wp-content\/uploads\/2018\/11\/8K_M-1024x441.jpg\" alt=\"\" width=\"660\" height=\"284\" srcset=\"http:\/\/winerun.sk\/chateaurun\/wp-content\/uploads\/2018\/11\/8K_M-1024x441.jpg 1024w, http:\/\/winerun.sk\/chateaurun\/wp-content\/uploads\/2018\/11\/8K_M-300x129.jpg 300w, http:\/\/winerun.sk\/chateaurun\/wp-content\/uploads\/2018\/11\/8K_M-768x331.jpg 768w\" sizes=\"(max-width: 660px) 100vw, 660px\" \/><\/a><\/p>\n<p>Z\u00e1mok \u2013 Z\u00e1mock\u00fd Park \u2013 \u017dreb\u010d\u00edn \u2013 Vinohrad Babylon \u2013 Z\u00e1mock\u00fd Park \u2013 Z\u00e1mok<\/p>\n<p><strong>16 km beh<\/strong> z\u00e1mock\u00fdm parkom a lesoparkom v Topo\u013e\u010diankach, asfaltov\u00e9, turistick\u00e9 a lesn\u00e9 cesty.<\/p>\n<p><a href=\"http:\/\/winerun.sk\/chateaurun\/wp-content\/uploads\/2018\/11\/16k_M.jpg\"><img loading=\"lazy\" decoding=\"async\" class=\"alignnone size-large wp-image-1396\" src=\"http:\/\/winerun.sk\/chateaurun\/wp-content\/uploads\/2018\/11\/16k_M-1024x455.jpg\" alt=\"\" width=\"660\" height=\"293\" srcset=\"http:\/\/winerun.sk\/chateaurun\/wp-content\/uploads\/2018\/11\/16k_M-1024x455.jpg 1024w, http:\/\/winerun.sk\/chateaurun\/wp-content\/uploads\/2018\/11\/16k_M-300x133.jpg 300w, http:\/\/winerun.sk\/chateaurun\/wp-content\/uploads\/2018\/11\/16k_M-768x341.jpg 768w\" sizes=\"(max-width: 660px) 100vw, 660px\" \/><\/a><\/p>\n<p>Z\u00e1mok \u2013 Z\u00e1mock\u00fd Park \u2013 \u017dreb\u010d\u00edn \u2013 Hrad Hru\u0161ov \u2013 \u017dreb\u010d\u00edn \u2013 Vinohrad Babylon \u2013 Z\u00e1mock\u00fd Park \u2013 Z\u00e1mok<\/p>\n<p><strong>Ob\u010derstvenie: 4 \u2013 9 \u2013 13 km.<\/strong><\/p>\n<p><strong>GPS s\u00faradnice \u0160TARTU:<\/strong> N48\u00b025\u201915.4\u2033 E18\u00b024\u201945.8\u2033<\/p>\n","protected":false},"excerpt":{"rendered":"<p>Popis trate: 8 km beh z\u00e1mock\u00fdm parkom a lesoparkom v Topo\u013e\u010diankach, asfaltov\u00e9 a lesn\u00e9 cesty. Z\u00e1mok \u2013 Z\u00e1mock\u00fd Park \u2013 \u017dreb\u010d\u00edn \u2013 Vinohrad Babylon \u2013 Z\u00e1mock\u00fd Park \u2013 Z\u00e1mok 16 km beh z\u00e1mock\u00fdm parkom a lesoparkom v Topo\u013e\u010diankach, asfaltov\u00e9, turistick\u00e9 a lesn\u00e9 cesty. Z\u00e1mok \u2013 Z\u00e1mock\u00fd Park \u2013 \u017dreb\u010d\u00edn \u2013 Hrad Hru\u0161ov \u2013 \u017dreb\u010d\u00edn \u2013 &hellip; <a href=\"http:\/\/winerun.sk\/chateaurun\/mapa-behu\/\" class=\"more-link\">Pokra\u010dova\u0165 v \u010d\u00edtan\u00ed: <span class=\"screen-reader-text\">Mapa Behu<\/span><\/a><\/p>\n","protected":false},"author":1,"featured_media":1404,"parent":0,"menu_order":0,"comment_status":"closed","ping_status":"closed","template":"","meta":{"footnotes":""},"class_list":["post-29","page","type-page","status-publish","has-post-thumbnail","hentry"],"_links":{"self":[{"href":"http:\/\/winerun.sk\/chateaurun\/wp-json\/wp\/v2\/pages\/29"}],"collection":[{"href":"http:\/\/winerun.sk\/chateaurun\/wp-json\/wp\/v2\/pages"}],"about":[{"href":"http:\/\/winerun.sk\/chateaurun\/wp-json\/wp\/v2\/types\/page"}],"author":[{"embeddable":true,"href":"http:\/\/winerun.sk\/chateaurun\/wp-json\/wp\/v2\/users\/1"}],"replies":[{"embeddable":true,"href":"http:\/\/winerun.sk\/chateaurun\/wp-json\/wp\/v2\/comments?post=29"}],"version-history":[{"count":9,"href":"http:\/\/winerun.sk\/chateaurun\/wp-json\/wp\/v2\/pages\/29\/revisions"}],"predecessor-version":[{"id":2645,"href":"http:\/\/winerun.sk\/chateaurun\/wp-json\/wp\/v2\/pages\/29\/revisions\/2645"}],"wp:featuredmedia":[{"embeddable":true,"href":"http:\/\/winerun.sk\/chateaurun\/wp-json\/wp\/v2\/media\/1404"}],"wp:attachment":[{"href":"http:\/\/winerun.sk\/chateaurun\/wp-json\/wp\/v2\/media?parent=29"}],"curies":[{"name":"wp","href":"https:\/\/api.w.org\/{rel}","templated":true}]}}