{"id":80,"date":"2018-09-28T16:27:11","date_gmt":"2018-09-28T14:27:11","guid":{"rendered":"http:\/\/winerun.sk\/chateaurun\/?page_id=80"},"modified":"2018-09-28T19:49:18","modified_gmt":"2018-09-28T17:49:18","slug":"fotogaleria-2017","status":"publish","type":"page","link":"https:\/\/winerun.sk\/chateaurun\/fotogaleria-2017\/","title":{"rendered":"Fotogal\u00e9ria 2017"},"content":{"rendered":"<p>Ve\u013emi ve\u013ea fotografi\u00ed z ro\u010dn\u00edka 2017 n\u00e1jdete na ofici\u00e1lnom FB profile <a href=\"https:\/\/www.facebook.com\/chateaurun\/\">https:\/\/www.facebook.com\/chateaurun\/<\/a><\/p>\n<div id='gallery-1' class='gallery galleryid-80 gallery-columns-3 gallery-size-thumbnail'><figure class='gallery-item'>\n\t\t\t<div class='gallery-icon landscape'>\n\t\t\t\t<a href='https:\/\/winerun.sk\/chateaurun\/wp-content\/uploads\/2018\/09\/23632376_1986699074906987_3274328835508093680_o.jpg'><img loading=\"lazy\" decoding=\"async\" width=\"150\" height=\"150\" src=\"https:\/\/winerun.sk\/chateaurun\/wp-content\/uploads\/2018\/09\/23632376_1986699074906987_3274328835508093680_o-150x150.jpg\" class=\"attachment-thumbnail size-thumbnail\" alt=\"\" \/><\/a>\n\t\t\t<\/div><\/figure><figure class='gallery-item'>\n\t\t\t<div class='gallery-icon landscape'>\n\t\t\t\t<a href='https:\/\/winerun.sk\/chateaurun\/wp-content\/uploads\/2018\/09\/23632398_1986701628240065_6729892701898433056_o.jpg'><img loading=\"lazy\" decoding=\"async\" width=\"150\" height=\"150\" src=\"https:\/\/winerun.sk\/chateaurun\/wp-content\/uploads\/2018\/09\/23632398_1986701628240065_6729892701898433056_o-150x150.jpg\" class=\"attachment-thumbnail size-thumbnail\" alt=\"\" \/><\/a>\n\t\t\t<\/div><\/figure><figure class='gallery-item'>\n\t\t\t<div class='gallery-icon landscape'>\n\t\t\t\t<a href='https:\/\/winerun.sk\/chateaurun\/wp-content\/uploads\/2018\/09\/23632404_1986694794907415_2320624916991213311_o.jpg'><img loading=\"lazy\" decoding=\"async\" width=\"150\" height=\"150\" src=\"https:\/\/winerun.sk\/chateaurun\/wp-content\/uploads\/2018\/09\/23632404_1986694794907415_2320624916991213311_o-150x150.jpg\" class=\"attachment-thumbnail size-thumbnail\" alt=\"\" \/><\/a>\n\t\t\t<\/div><\/figure><figure class='gallery-item'>\n\t\t\t<div class='gallery-icon landscape'>\n\t\t\t\t<a href='https:\/\/winerun.sk\/chateaurun\/wp-content\/uploads\/2018\/09\/23632639_1986696154907279_4138839075675752364_o.jpg'><img loading=\"lazy\" decoding=\"async\" width=\"150\" height=\"150\" src=\"https:\/\/winerun.sk\/chateaurun\/wp-content\/uploads\/2018\/09\/23632639_1986696154907279_4138839075675752364_o-150x150.jpg\" class=\"attachment-thumbnail size-thumbnail\" alt=\"\" \/><\/a>\n\t\t\t<\/div><\/figure><figure class='gallery-item'>\n\t\t\t<div class='gallery-icon landscape'>\n\t\t\t\t<a href='https:\/\/winerun.sk\/chateaurun\/wp-content\/uploads\/2018\/09\/23674641_1986697938240434_5591993809682273077_o.jpg'><img loading=\"lazy\" decoding=\"async\" width=\"150\" height=\"150\" src=\"https:\/\/winerun.sk\/chateaurun\/wp-content\/uploads\/2018\/09\/23674641_1986697938240434_5591993809682273077_o-150x150.jpg\" class=\"attachment-thumbnail size-thumbnail\" alt=\"\" \/><\/a>\n\t\t\t<\/div><\/figure><figure class='gallery-item'>\n\t\t\t<div class='gallery-icon landscape'>\n\t\t\t\t<a href='https:\/\/winerun.sk\/chateaurun\/wp-content\/uploads\/2018\/09\/23735982_1986697618240466_1730833529602822996_o.jpg'><img loading=\"lazy\" decoding=\"async\" width=\"150\" height=\"150\" src=\"https:\/\/winerun.sk\/chateaurun\/wp-content\/uploads\/2018\/09\/23735982_1986697618240466_1730833529602822996_o-150x150.jpg\" class=\"attachment-thumbnail size-thumbnail\" alt=\"\" \/><\/a>\n\t\t\t<\/div><\/figure><figure class='gallery-item'>\n\t\t\t<div class='gallery-icon landscape'>\n\t\t\t\t<a href='https:\/\/winerun.sk\/chateaurun\/wp-content\/uploads\/2018\/09\/23735995_1986696068240621_5158326249820719731_o.jpg'><img loading=\"lazy\" decoding=\"async\" width=\"150\" height=\"150\" src=\"https:\/\/winerun.sk\/chateaurun\/wp-content\/uploads\/2018\/09\/23735995_1986696068240621_5158326249820719731_o-150x150.jpg\" class=\"attachment-thumbnail size-thumbnail\" alt=\"\" \/><\/a>\n\t\t\t<\/div><\/figure><figure class='gallery-item'>\n\t\t\t<div class='gallery-icon landscape'>\n\t\t\t\t<a href='https:\/\/winerun.sk\/chateaurun\/wp-content\/uploads\/2018\/09\/23736139_1986701064906788_3429875501675516958_o.jpg'><img loading=\"lazy\" decoding=\"async\" width=\"150\" height=\"150\" src=\"https:\/\/winerun.sk\/chateaurun\/wp-content\/uploads\/2018\/09\/23736139_1986701064906788_3429875501675516958_o-150x150.jpg\" class=\"attachment-thumbnail size-thumbnail\" alt=\"\" \/><\/a>\n\t\t\t<\/div><\/figure><figure class='gallery-item'>\n\t\t\t<div class='gallery-icon landscape'>\n\t\t\t\t<a href='https:\/\/winerun.sk\/chateaurun\/wp-content\/uploads\/2018\/09\/23736196_1986699308240297_1259377885767607413_o.jpg'><img loading=\"lazy\" decoding=\"async\" width=\"150\" height=\"150\" src=\"https:\/\/winerun.sk\/chateaurun\/wp-content\/uploads\/2018\/09\/23736196_1986699308240297_1259377885767607413_o-150x150.jpg\" class=\"attachment-thumbnail size-thumbnail\" alt=\"\" \/><\/a>\n\t\t\t<\/div><\/figure><figure class='gallery-item'>\n\t\t\t<div class='gallery-icon landscape'>\n\t\t\t\t<a href='https:\/\/winerun.sk\/chateaurun\/wp-content\/uploads\/2018\/09\/23736376_1986693821574179_5142716593506157825_o.jpg'><img loading=\"lazy\" decoding=\"async\" width=\"150\" height=\"150\" src=\"https:\/\/winerun.sk\/chateaurun\/wp-content\/uploads\/2018\/09\/23736376_1986693821574179_5142716593506157825_o-150x150.jpg\" class=\"attachment-thumbnail size-thumbnail\" alt=\"\" \/><\/a>\n\t\t\t<\/div><\/figure><figure class='gallery-item'>\n\t\t\t<div class='gallery-icon landscape'>\n\t\t\t\t<a href='https:\/\/winerun.sk\/chateaurun\/wp-content\/uploads\/2018\/09\/23738019_1986694081574153_1723679444969741408_o.jpg'><img loading=\"lazy\" decoding=\"async\" width=\"150\" height=\"150\" src=\"https:\/\/winerun.sk\/chateaurun\/wp-content\/uploads\/2018\/09\/23738019_1986694081574153_1723679444969741408_o-150x150.jpg\" class=\"attachment-thumbnail size-thumbnail\" alt=\"\" \/><\/a>\n\t\t\t<\/div><\/figure><figure class='gallery-item'>\n\t\t\t<div class='gallery-icon landscape'>\n\t\t\t\t<a href='https:\/\/winerun.sk\/chateaurun\/wp-content\/uploads\/2018\/09\/23783713_1986693954907499_792554045613920128_o.jpg'><img loading=\"lazy\" decoding=\"async\" width=\"150\" height=\"150\" src=\"https:\/\/winerun.sk\/chateaurun\/wp-content\/uploads\/2018\/09\/23783713_1986693954907499_792554045613920128_o-150x150.jpg\" class=\"attachment-thumbnail size-thumbnail\" alt=\"\" \/><\/a>\n\t\t\t<\/div><\/figure><figure class='gallery-item'>\n\t\t\t<div class='gallery-icon landscape'>\n\t\t\t\t<a href='https:\/\/winerun.sk\/chateaurun\/wp-content\/uploads\/2018\/09\/23799907_1986695578240670_2821173058394901537_o.jpg'><img loading=\"lazy\" decoding=\"async\" width=\"150\" height=\"150\" src=\"https:\/\/winerun.sk\/chateaurun\/wp-content\/uploads\/2018\/09\/23799907_1986695578240670_2821173058394901537_o-150x150.jpg\" class=\"attachment-thumbnail size-thumbnail\" alt=\"\" \/><\/a>\n\t\t\t<\/div><\/figure><figure class='gallery-item'>\n\t\t\t<div class='gallery-icon landscape'>\n\t\t\t\t<a href='https:\/\/winerun.sk\/chateaurun\/wp-content\/uploads\/2018\/09\/23799974_1986696648240563_1024942103049477599_o.jpg'><img loading=\"lazy\" decoding=\"async\" width=\"150\" height=\"150\" src=\"https:\/\/winerun.sk\/chateaurun\/wp-content\/uploads\/2018\/09\/23799974_1986696648240563_1024942103049477599_o-150x150.jpg\" class=\"attachment-thumbnail size-thumbnail\" alt=\"\" \/><\/a>\n\t\t\t<\/div><\/figure>\n\t\t<\/div>\n\n<p>Ve\u013emi ve\u013ea fotografi\u00ed z ro\u010dn\u00edka 2017 n\u00e1jdete na ofici\u00e1lnom FB profile <a href=\"https:\/\/www.facebook.com\/chateaurun\/\">https:\/\/www.facebook.com\/chateaurun\/<\/a><\/p>\n","protected":false},"excerpt":{"rendered":"<p>Ve\u013emi ve\u013ea fotografi\u00ed z ro\u010dn\u00edka 2017 n\u00e1jdete na ofici\u00e1lnom FB profile https:\/\/www.facebook.com\/chateaurun\/ Ve\u013emi ve\u013ea fotografi\u00ed z ro\u010dn\u00edka 2017 n\u00e1jdete na ofici\u00e1lnom FB profile https:\/\/www.facebook.com\/chateaurun\/<\/p>\n","protected":false},"author":1,"featured_media":149,"parent":0,"menu_order":0,"comment_status":"closed","ping_status":"closed","template":"","meta":{"footnotes":""},"class_list":["post-80","page","type-page","status-publish","has-post-thumbnail","hentry"],"_links":{"self":[{"href":"https:\/\/winerun.sk\/chateaurun\/wp-json\/wp\/v2\/pages\/80"}],"collection":[{"href":"https:\/\/winerun.sk\/chateaurun\/wp-json\/wp\/v2\/pages"}],"about":[{"href":"https:\/\/winerun.sk\/chateaurun\/wp-json\/wp\/v2\/types\/page"}],"author":[{"embeddable":true,"href":"https:\/\/winerun.sk\/chateaurun\/wp-json\/wp\/v2\/users\/1"}],"replies":[{"embeddable":true,"href":"https:\/\/winerun.sk\/chateaurun\/wp-json\/wp\/v2\/comments?post=80"}],"version-history":[{"count":4,"href":"https:\/\/winerun.sk\/chateaurun\/wp-json\/wp\/v2\/pages\/80\/revisions"}],"predecessor-version":[{"id":98,"href":"https:\/\/winerun.sk\/chateaurun\/wp-json\/wp\/v2\/pages\/80\/revisions\/98"}],"wp:featuredmedia":[{"embeddable":true,"href":"https:\/\/winerun.sk\/chateaurun\/wp-json\/wp\/v2\/media\/149"}],"wp:attachment":[{"href":"https:\/\/winerun.sk\/chateaurun\/wp-json\/wp\/v2\/media?parent=80"}],"curies":[{"name":"wp","href":"https:\/\/api.w.org\/{rel}","templated":true}]}}